{"id":3007,"date":"2019-09-09T13:24:55","date_gmt":"2019-09-09T12:24:55","guid":{"rendered":"https:\/\/heike-dahms.ch\/stage\/?page_id=3007"},"modified":"2025-06-02T20:31:02","modified_gmt":"2025-06-02T19:31:02","slug":"veranstaltungen","status":"publish","type":"page","link":"https:\/\/heike-dahms.ch\/stage\/index.php\/veranstaltungen\/","title":{"rendered":"Veranstaltungen"},"content":{"rendered":"<h1>Unsere Veranstaltungen und Seminare<\/h1>\n<p>&nbsp;<\/p>\n<p>Hier finden Sie unsere Veranstaltungen und Seminare.<br \/>\nWir freuen uns schon sehr, Sie bei einem unserer Events begr\u00fcssen zu k\u00f6nnen.<\/p>\n<p>Wir sind dankbar um eine fr\u00fchzeitige Anmeldung zu unseren Konzerten und Veranstaltungen, die Pl\u00e4tze sind begrenzt und es erleichtert uns unsere Planung sehr.<\/p>\n<p>Unsere Seminare sind f\u00fcr Fachpersonen und Interessierte offen.<\/p>\n<p>Alle Seminare sind als Fortbildung beim <strong>EMR anerkannt.<\/strong><\/p>\n","protected":false},"excerpt":{"rendered":"<p>Unsere Veranstaltungen und Seminare &nbsp; Hier finden Sie unsere Veranstaltungen und Seminare. Wir freuen uns schon sehr, Sie bei einem unserer Events begr\u00fcssen zu k\u00f6nnen. Wir sind dankbar um eine fr\u00fchzeitige Anmeldung zu unseren Konzerten und Veranstaltungen, die Pl\u00e4tze sind &hellip; <a class=\"more-link\" href=\"https:\/\/heike-dahms.ch\/stage\/index.php\/veranstaltungen\/\">Weiterlesen <span class=\"meta-nav\">&rarr;<\/span><\/a><\/p>\n","protected":false},"author":1,"featured_media":0,"parent":0,"menu_order":0,"comment_status":"closed","ping_status":"closed","template":"event-overview.php","meta":{"footnotes":""},"class_list":["post-3007","page","type-page","status-publish","hentry"],"acf":[],"_links":{"self":[{"href":"https:\/\/heike-dahms.ch\/stage\/index.php\/wp-json\/wp\/v2\/pages\/3007","targetHints":{"allow":["GET"]}}],"collection":[{"href":"https:\/\/heike-dahms.ch\/stage\/index.php\/wp-json\/wp\/v2\/pages"}],"about":[{"href":"https:\/\/heike-dahms.ch\/stage\/index.php\/wp-json\/wp\/v2\/types\/page"}],"author":[{"embeddable":true,"href":"https:\/\/heike-dahms.ch\/stage\/index.php\/wp-json\/wp\/v2\/users\/1"}],"replies":[{"embeddable":true,"href":"https:\/\/heike-dahms.ch\/stage\/index.php\/wp-json\/wp\/v2\/comments?post=3007"}],"version-history":[{"count":16,"href":"https:\/\/heike-dahms.ch\/stage\/index.php\/wp-json\/wp\/v2\/pages\/3007\/revisions"}],"predecessor-version":[{"id":14812,"href":"https:\/\/heike-dahms.ch\/stage\/index.php\/wp-json\/wp\/v2\/pages\/3007\/revisions\/14812"}],"wp:attachment":[{"href":"https:\/\/heike-dahms.ch\/stage\/index.php\/wp-json\/wp\/v2\/media?parent=3007"}],"curies":[{"name":"wp","href":"https:\/\/api.w.org\/{rel}","templated":true}]}}